- 5*p + 135 = 0. What is the greatest common factor of p and z?
45
Let d(a) = 14*a - 6. Let s be d(6). Suppose 5*o - 3*u - 48 = -3, -3*o + 27 = 5*u. Let j be 60/o + (-2)/3. Calculate the highest common factor of j and s.
6
Let x(k) = 2*k**2 - 46*k + 17. Let d be x(23). Let f = d - -4. Suppose 0 = 2*g - 6 - 8. Calculate the greatest common factor of g and f.
7
Suppose 10*h + 6 = 56. Suppose 2*w + 288 = 4*k, -2*w + w - 360 = -h*k. Calculate the highest common divisor of 36 and k.
36
Suppose 832 = -4*r + 56*r. Calculate the highest common factor of 104 and r.
8
Let f = -5 + 10. Suppose 104*p = 161*p - 171. Suppose -2*y + f*m = -3 + 2, -5*y + 18 = p*m. Calculate the highest common factor of 4 and y.
1
Suppose -4*i + 27 = -3*b - 0, 4*i - 2*b - 26 = 0. Suppose 0 = 2*a - o + i - 74, -a - 2*o = -29. What is the highest common divisor of a and 143?
11
Suppose -5*y + 5*i + 115 = 0, 61*y - 66*y = 4*i - 79. What is the greatest common divisor of y and 3667?
19
Let s be (-27)/(189/(-230) + 24/30). Calculate the greatest common divisor of 184 and s.
46
Let g = 329 - -96. What is the greatest common factor of 119 and g?
17
Suppose -43*n + 40*n + 108 = 3*g, 5*g - 4*n = 234. What is the highest common factor of 13524 and g?
42
Suppose 0 = -17*l - 77*l + 19176. Calculate the greatest common divisor of 459 and l.
51
Let j(v) = -7*v**2 + 20*v + 30. Let a be j(-7). Let o = -452 - a. Calculate the highest common factor of o and 19.
1
Suppose 0 = 2*d + 3*d - 585. Suppose -3*p + 2*v = -107, -2*p + 19*v - 18*v = -76. What is the highest common factor of p and d?
9
Suppose -v - x + 480 = 0, 960 = 4*v - 2*v + 4*x. Suppose 0 = 23*j - 27*j + 96. Calculate the greatest common factor of j and v.
24
Suppose -16*i = 4*o - 17*i - 1280, -20 = 5*i. What is the greatest common divisor of o and 87?
29
Suppose 37*l - 584 = 29*l. Suppose -84*w + 3520 = -l*w. Calculate the highest common factor of w and 40.
40
Suppose 0 = 140*z - 23899 - 7601. What is the greatest common factor of 90 and z?
45
Let i be 33/1 + 2/(-2). Let q be (-9 + 48 - 15) + 0. Suppose 0 = -36*o + i*o + q. Calculate the highest common factor of 6 and o.
6
Suppose -5*y + 5*p - 1 = 9, 0 = 3*y - 5*p + 8. Let x(d) = -57*d**3 + 5*d**2 + 4*d. Let j be x(y). Calculate the highest common divisor of 522 and j.
58
Suppose 13*c - 968 - 189 = 0. Let t = c + -80. What is the greatest common divisor of t and 18?
9
Let s(r) = -r**3 - 6*r**2 - 6*r + 15. Suppose 2*q = 3*b + 16 + 9, -2*b + 5 = 3*q. Let z be s(b). What is the greatest common factor of 5 and z?
5
Let p be (-949)/(-52) - (300/(-48))/(-25). Let l = -244 + 406. What is the highest common factor of p and l?
18
Let l = 30325 - 30098. Calculate the greatest common divisor of l and 31553.
227
Let j be -14 + 9 + 0 + 35. Let y(l) = -2*l**2 + l + 1. Let w be y(-2). Let n be w/6 - (-86)/4. Calculate the greatest common factor of n and j.
10
Let s(o) = o**3 - 20*o**2 + o - 8. Let q be s(20). Let l(x) = x**2 - 9*x - 26. Let k be l(q). Calculate the highest common divisor of 70 and k.
10
Let f be (-4)/(-22) + 1166265/297. Calculate the highest common factor of 119 and f.
119
Suppose a - 36*l = -34*l + 13761, 4*a = -l + 55017. Calculate the highest common factor of 105 and a.
105
Let s = -166 - -86. Let n be 9/((-108)/(-1756)) + 3/(-9). Let q = s + n. What is the highest common factor of 99 and q?
33
Let z = 4335 - 4316. Calculate the highest common factor of z and 76.
19
Suppose 4*j = 5*h - 2694 + 399, -5*h = -j - 2295. Calculate the highest common divisor of h and 351.
27
Let m = -17831 + 17935. Calculate the greatest common divisor of m and 3809.
13
Let d(j) = j + 12. Let t be d(0). Suppose 40*i = -144 + 624. What is the greatest common divisor of i and t?
12
Let i(l) = l**2 + 2*l - 3. Let b be i(-4). Suppose b*z + 80 = 15. Let j(f) = -f**2 - 16*f - 33. Let o be j(z). What is the greatest common divisor of 1 and o?
1
Suppose -4*m - 113 = 27*y - 26*y, 0 = 5*m + 2*y + 139. Let v = m + 40. What is the highest common factor of 22 and v?
11
Let w = 12133 + -12123. Let o(g) be the first derivative of 8*g**2 - 6*g + 1. Let h be o(6). What is the greatest common factor of w and h?
10
Suppose -12*p + 2112 = -10*p. Suppose -132*t - p = -138*t. Calculate the highest common factor of 64 and t.
16
Suppose 0 = -103*g + 600 + 1104 + 1180. Calculate the highest common divisor of g and 5810.
14
Let q(x) = 4*x**3 - 89*x**2 - 70*x + 85. Let u be q(23). Calculate the highest common factor of u and 30442.
62
Let w be 22/(-4)*(80 - -6). Let g = 481 + w. Let f be (-2)/6 - 100/(-12). Calculate the highest common factor of g and f.
8
Let a(i) = -4*i - 2 + i + 2*i - 1. Let h be a(-9). Let r be -3*((-16)/h + 0). Calculate the greatest common factor of 24 and r.
8
Let o(g) = g**2 + 10*g - 56. Let d be o(-14). Suppose 6*k - 5*k - 4*r - 2 = d, -4*r = -2*k + 4. Calculate the greatest common divisor of k and 15.
1
Let o be (0 + 1)*(2 + -1). Let b be 14*o - (2 - 0). Suppose -503 + 1987 = 30*g - 1756. Calculate the greatest common divisor of b and g.
12
Let u be (-2 + 29/((-319)/308))*(-26)/5. What is the greatest common factor of u and 2904?
12
Suppose i = -4*a + 11, a - 6*i = -9*i - 11. Suppose -9*x + 1020 = -a*x. Calculate the highest common factor of x and 340.
68
Let w(t) = 11*t**3 - 12*t**2 + 63*t - 33. Let f be w(4). What is the greatest common factor of 85 and f?
17
Let l(b) = -4*b - 36. Suppose 0 = -0*d - d - 27. Let z be l(d). Calculate the highest common divisor of z and 84.
12
Suppose 3*u + 58 = -4*s + 8, -u = 2*s + 18. Let j(x) = 24*x + 378. Let b be j(u). Calculate the highest common factor of 462 and b.
42
Suppose 3*g = -2*b + 118, -3*b = 2*g - 10 - 77. What is the highest common factor of 7101 and g?
9
Suppose -5*g + 4*a - 5 = 0, 4*g + 39 - 35 = a. Let t be 31 - (g + -2 + 6). Calculate the highest common divisor of t and 504.
28
Let i(c) = 4*c**2 - c - 1. Let m be i(2). Suppose 4*u + 4 = 0, u - 12 = -3*g + 4*g. Let t be (-26 + g)/((-1)/3). What is the highest common factor of m and t?
13
Let p be (-115)/(-46)*(1 - (-17)/(-5)). Let j(f) = -7*f - 41. Let r be j(p). What is the greatest common divisor of 24 and r?
1
Suppose u - 319 = -3*g + 6*u, 0 = -5*g - 2*u + 542. Let y be (-6426)/765 + 6/(-10) + 15. What is the highest common factor of y and g?
6
Suppose o + 166 = -11*r + 14*r, -3*o - 174 = -3*r. What is the greatest common divisor of 60 and r?
6
Suppose -65*d - 143*d = 16*d + 1568. Let h be 1 - 1*(0 + -77). Let x = h - d. What is the highest common divisor of 17 and x?
17
Let k be 99671/(-99) + (76/(-18) - -4). Let j = 1372 + k. Calculate the greatest common divisor of j and 5.
5
Suppose -5 = -m + 2*v, 5*v = -3*m - 2*m + 55. Suppose m*u - 8*u + 169 = 5*i, 5*i - 157 = -2*u. What is the highest common divisor of 374 and i?
11
Let b(w) = w**3 - 6*w**2 + 21*w - 86. Let y be b(7). What is the highest common factor of 319 and y?
11
Suppose 2*t - 28295 = -13*t + 9340. Calculate the highest common factor of 13 and t.
13
Suppose -380*t - 33*t = -17759. Let y(u) = -68*u + 4. Let a be y(-5). What is the highest common divisor of a and t?
43
Suppose -3*b - 23 = -2*m + 58, 0 = -3*m + 2*b + 124. Let a = -105227 + 105374. Calculate the highest common factor of a and m.
21
Let h(p) be the third derivative of p**5/30 + p**4/6 - 2*p**3/3 + p**2 - 13*p. Let f be h(-4). Calculate the highest common divisor of 60 and f.
12
Let l(r) = r**3 + 11*r**2 + 10*r - 2. Suppose -43*k + 45*k + 10 = 0. Let n be l(k). What is the highest common factor of 14 and n?
14
Let h be 1 + (-12)/((-48)/8). Let b = -66 + 90. What is the greatest common divisor of h and b?
3
Let h(a) = -2*a**2 + 117*a - 1296. Let r be h(16). Let y(o) = o - 2. Let f be y(4). Suppose -m + 48 = f*m. Calculate the greatest common factor of m and r.
16
Let j = -493 + 492. Let p be (j + 13/(-5))/(14/(-35)). What is the greatest common divisor of p and 117?
9
Let w(o) be the third derivative of o**5/20 + o**4/3 + 23*o**3/6 + 153*o**2. Let j be w(-10). What is the greatest common divisor of 18 and j?
9
Suppose 266*h - 204*h - 29760 = 0. Calculate the greatest common divisor of h and 210.
30
Suppose 13*f - 2362 = 472. Let a = 220 - f. What is the highest common divisor of 320 and a?
2
Suppose -48 = -2*f - 6. Let z(v) = -2*v**3 - 2*v**2 + 3*v + 5. Let k be z(-2).